se
Is 4819182751 prime?
True
Is 4773094187 a composite number?
True
Is 21602137 composite?
False
Is 136578479483 prime?
True
Is 143395631 prime?
True
Is 523409483 a composite number?
True
Is 191036147809 a composite number?
True
Is 1740342781 a composite number?
False
Is 46889072287 a prime number?
False
Is 194931593 composite?
True
Is 1776105686 a prime number?
False
Is 9586267661 a prime number?
False
Is 103021441 a prime number?
False
Is 52765808467 prime?
True
Is 1252646389 composite?
False
Is 746166614 prime?
False
Is 39385673533 a prime number?
True
Is 383741720717 a prime number?
True
Is 58923593 a composite number?
False
Is 1802710927 a prime number?
False
Is 458202149 a prime number?
True
Is 19023787847 composite?
True
Is 140242931 a composite number?
False
Is 889002757 a composite number?
False
Is 79700095469 a prime number?
True
Is 53779339321 a composite number?
False
Is 19521068201 a composite number?
False
Is 19201402187 a composite number?
True
Is 6398462593 a composite number?
False
Is 74700467 a prime number?
True
Is 15598487237 composite?
False
Is 23512565809 prime?
True
Is 18871780031 composite?
True
Is 9612413249 prime?
False
Is 1686592591 a prime number?
False
Is 115395599 a composite number?
True
Is 83841299 a prime number?
False
Is 12577467443 a composite number?
False
Is 36033308131 a composite number?
True
Is 11505712159 prime?
False
Is 433799783 a composite number?
False
Is 3271419023 a prime number?
True
Is 27115440319 prime?
False
Is 2003596717 a composite number?
True
Is 169084873 prime?
False
Is 43209029 composite?
True
Is 10404693903 prime?
False
Is 12479268341 a prime number?
True
Is 21588533779 a composite number?
False
Is 11635088519 prime?
True
Is 3101166493 a composite number?
True
Is 440201539 a prime number?
False
Is 7933028197 composite?
False
Is 1678657529 a composite number?
False
Is 544529267 prime?
True
Is 1218940507 a prime number?
True
Is 954080731 prime?
False
Is 543276395819 a composite number?
False
Is 9160496515 a prime number?
False
Is 86469661 prime?
True
Is 32163832391 composite?
False
Is 2520177441 composite?
True
Is 243644879 composite?
False
Is 329286059 a composite number?
True
Is 1310094829 composite?
True
Is 260093711 composite?
False
Is 1817421079 a composite number?
True
Is 738499889 a composite number?
False
Is 5129186929 a prime number?
False
Is 174231107 prime?
True
Is 27160505303 prime?
False
Is 54614473451 a prime number?
True
Is 17067163007 a prime number?
True
Is 4614188837 composite?
False
Is 695973673 a prime number?
True
Is 59856454291 a composite number?
True
Is 1077221903 a composite number?
False
Is 363403241 a prime number?
False
Is 27260399 prime?
True
Is 369696729 prime?
False
Is 134071519 prime?
True
Is 151298033 prime?
True
Is 5013809457 prime?
False
Is 2882464253 a composite number?
True
Is 560327899 a composite number?
False
Is 7961368547 a prime number?
False
Is 14652341647 a prime number?
False
Is 5498493547 prime?
True
Is 98575669697 a prime number?
True
Is 7600736531 a composite number?
False
Is 233593427 a prime number?
False
Is 234295175977 composite?
False
Is 589564553 a composite number?
True
Is 15907692313 composite?
False
Is 1843293149 composite?
True
Is 5935170859 prime?
True
Is 17079739 a prime number?
False
Is 608624763 prime?
False
Is 18624530009 prime?
False
Is 11584936499 composite?
True
Is 1389884957 prime?
True
Is 268517365 prime?
False
Is 691820579 composite?
False
Is 2360734931 prime?
True
Is 14275798913 composite?
False
Is 16818317 composite?
False
Is 25423306613 composite?
False
Is 2555802101 a composite number?
True
Is 4031450437 prime?
False
Is 12433921 a composite number?
False
Is 2372752553 a prime number?
True
Is 443692871 a prime number?
False
Is 138880997 prime?
True
Is 325429729 prime?
True
Is 1029122473 a composite number?
False
Is 31271263379 composite?
False
Is 3699168971 a composite number?
False
Is 35271801167 a composite number?
False
Is 817663247 composite?
True
Is 896165917 a prime number?
False
Is 310557941 prime?
True
Is 18402786797 prime?
True
Is 46802105953 a prime number?
True
Is 7659562229 composite?
True
Is 629260309 a composite number?
True
Is 131282879813 prime?
True
Is 4985540707 prime?
False
Is 1479502891 prime?
True
Is 115851146369 prime?
False
Is 594424951 a prime number?
True
Is 346384739 a composite number?
False
Is 539798099 a prime number?
True
Is 10480629751 prime?
True
Is 904649039 prime?
False
Is 13687123391 composite?
True
Is 13023381307 a composite number?
True
Is 542329621 a composite number?
False
Is 15918456111 a prime number?
False
Is 2068063937 prime?
False
Is 34943816939 a prime number?
True
Is 1207876381 a prime number?
True
Is 2516586647 a prime number?
False
Is 341947687 prime?
True
Is 3783075437 a composite number?
False
Is 301664682403 a prime number?
False
Is 67794916571 a prime number?
True
Is 7501484213 a composite number?
False
Is 1448809889 prime?
True
Is 29736869297 a prime number?
True
Is 439563647 a prime number?
True
Is 31622508329 composite?
False
Is 68981809607 a composite number?
True
Is 49029389499 a composite number?
True
Is 191316046121 a prime number?
True
Is 201777692341 a prime number?
True
Is 906562883 a prime number?
True
Is 4844830241 prime?
True
Is 665812009 composite?
True
Is 28190606051 a composite number?
False
Is 1562870873 a prime number?
True
Is 56124877283 a composite number?
False
Is 1397736547 composite?
True
Is 5390106427 a prime number?
True
Is 24987118677 a composite number?
True
Is 4587928531 prime?
True
Is 1113969751 prime?
True
Is 3568315849 a composite number?
True
Is 98133773 composite?
True
Is 48996601781 prime?
False
Is 2429550857 a composite number?
True
Is 38903376439 prime?
True
Is 920896811 prime?
False
Is 9401460415 composite?
True
Is 10955182451 prime?
True
Is 7793567519 prime?
False
Is 257438837 composite?
True
Is 39935569 a prime number?
True
Is 203827521 composite?
True
Is 88959129107 prime?
False
Is 33830539082 a prime number?
False
Is 13602653503 a prime number?
True
Is 8612072801 a composite number?
False
Is 1334498603 prime?
True
Is 63737560027 a prime number?
True
Is 308025709 a prime number?
False
Is 2153182727 a composite number?
False
Is 278986087 prime?
False
Is 30716161733 a composite number?
False
Is 722148197 a prime number?
True
Is 50951522029 composite?
False
Is 3923508053 a prime number?
False
Is 423778523593 composite?
False
Is 189397933 a composite number?
False
Is 1361463157 composite?
True
Is 18707414087 a prime number?
True
Is 317010131 a prime number?
True
Is 39937162129 prime?
True
Is 624147647 composite?
False
Is 1542665939 a prime number?
True
Is 12395574109 a prime number?
False
Is 381295093 a composite number?
False
Is 2255866619 a composite number?
False
Is 1286701393 composite?
True
Is 384551681 a prime number?
False
Is 4103984189 a composite number?
False
Is 1176371197 a composite number?
True
Is 792242809 composite?
False
Is 175948837 a composite number?
True
Is 30364776058 a composite number?
True
Is 402055793 a prime number?
True
Is 1444623889 prime?
False
Is 27440783 composite?
False
Is 825419017 prime?
True
Is 9401294101 composite?
False
Is 265067435 a prime number?
False
Is 14608856917 composite?
True
Is 24414379037 composite?
False
Is 1186743199 composite?
False
Is 1196299877 prime?
False
Is 10805044501 a composite number?
True
Is 4170429281 composite?
False
Is 6968767513 composite?
True
Is 43026143 a composite number?
False
Is 87704009 prime?
False
Is 9893437601 prime?
False
Is 540543089 a prime number?
True
Is 749782645 prime?
False
Is 48812619841 composite?
False
Is 2896963241 a prime number?
True
Is 41768832481 a prime number?
False
Is 3616367327 composite?
False
Is 1084440089 prime?
True
Is 16761909299 a prime number?
True
Is 1685795339 prime?
True
Is 36976241 a prime number?
False
Is 1286818219 a composite number?
False
Is 8866739069 prime?
True
Is 867664163 a composite number?
False
Is 20851842673 composite?
False
Is 7902278953 a prime number?
True
Is 800777533 prime?
False
Is 59873058335 a prime number?
False
Is 9862642889 prime?
False
Is 5721777469 a composite number?
True
Is 941129723 a prime number?
True
Is 1280449865 a prime number?
False
Is 26462207 composite?
False
Is 14911439821 prime?
True
